{"id":8,"date":"2022-11-09T15:18:29","date_gmt":"2022-11-09T15:18:29","guid":{"rendered":"https:\/\/amend.adv.br\/?page_id=8"},"modified":"2022-11-09T15:42:43","modified_gmt":"2022-11-09T15:42:43","slug":"home","status":"publish","type":"page","link":"https:\/\/amend.adv.br\/","title":{"rendered":"In\u00edcio"},"content":{"rendered":"\n<p class=\"has-text-align-left\" style=\"font-size:16px\">O escrit\u00f3rio RAL advocacia surge com uma nova proposta de presta\u00e7\u00e3o de servi\u00e7os jur\u00eddicos, isto \u00e9, atribuir ao nossos clientes e amigos maior seguran\u00e7a na contrata\u00e7\u00e3o, bem como pessoalidade, informa\u00e7\u00e3o e agilidade nos servi\u00e7os prestados.<\/p>\n\n\n\n<p class=\"has-text-align-left\" style=\"font-size:16px\">Atuamos nas mais diversas \u00e1reas do direito, com uma equipe qualificada, \u00e1gil e que preza, sobretudo, pela transpar\u00eancia, honestidade e qualidade dos servi\u00e7os prestados.<\/p>\n\n\n\n<p class=\"has-text-align-left\" style=\"font-size:16px\">Entre em contato conosco e prontamente lhe atenderemos para lhe ajudar da melhor forma e atribuir efic\u00e1cia aos seus direitos.<\/p>\n","protected":false},"excerpt":{"rendered":"<p>O escrit\u00f3rio RAL advocacia surge com uma nova proposta de presta\u00e7\u00e3o de servi\u00e7os jur\u00eddicos, isto \u00e9, atribuir ao nossos clientes e amigos maior seguran\u00e7a na contrata\u00e7\u00e3o, bem como pessoalidade, informa\u00e7\u00e3o e agilidade nos servi\u00e7os prestados. Atuamos nas mais diversas \u00e1reas do direito, com uma equipe qualificada, \u00e1gil e que preza, sobretudo, pela transpar\u00eancia, honestidade e &hellip; <\/p>\n<p class=\"link-more\"><a href=\"https:\/\/amend.adv.br\/\" class=\"more-link\">Continue lendo<span class=\"screen-reader-text\"> &#8220;In\u00edcio&#8221;<\/span><\/a><\/p>\n","protected":false},"author":1,"featured_media":0,"parent":0,"menu_order":0,"comment_status":"closed","ping_status":"closed","template":"","meta":{"om_disable_all_campaigns":false,"_monsterinsights_skip_tracking":false,"_monsterinsights_sitenote_active":false,"_monsterinsights_sitenote_note":"","_monsterinsights_sitenote_category":0},"aioseo_notices":[],"uagb_featured_image_src":{"full":false,"thumbnail":false,"medium":false,"medium_large":false,"large":false,"1536x1536":false,"2048x2048":false,"twentyseventeen-featured-image":false,"twentyseventeen-thumbnail-avatar":false},"uagb_author_info":{"display_name":"RalopesAdm","author_link":"https:\/\/amend.adv.br\/index.php\/author\/ralopesadm\/"},"uagb_comment_info":0,"uagb_excerpt":"O escrit\u00f3rio RAL advocacia surge com uma nova proposta de presta\u00e7\u00e3o de servi\u00e7os jur\u00eddicos, isto \u00e9, atribuir ao nossos clientes e amigos maior seguran\u00e7a na contrata\u00e7\u00e3o, bem como pessoalidade, informa\u00e7\u00e3o e agilidade nos servi\u00e7os prestados. Atuamos nas mais diversas \u00e1reas do direito, com uma equipe qualificada, \u00e1gil e que preza, sobretudo, pela transpar\u00eancia, honestidade e&hellip;","_links":{"self":[{"href":"https:\/\/amend.adv.br\/index.php\/wp-json\/wp\/v2\/pages\/8"}],"collection":[{"href":"https:\/\/amend.adv.br\/index.php\/wp-json\/wp\/v2\/pages"}],"about":[{"href":"https:\/\/amend.adv.br\/index.php\/wp-json\/wp\/v2\/types\/page"}],"author":[{"embeddable":true,"href":"https:\/\/amend.adv.br\/index.php\/wp-json\/wp\/v2\/users\/1"}],"replies":[{"embeddable":true,"href":"https:\/\/amend.adv.br\/index.php\/wp-json\/wp\/v2\/comments?post=8"}],"version-history":[{"count":4,"href":"https:\/\/amend.adv.br\/index.php\/wp-json\/wp\/v2\/pages\/8\/revisions"}],"predecessor-version":[{"id":47,"href":"https:\/\/amend.adv.br\/index.php\/wp-json\/wp\/v2\/pages\/8\/revisions\/47"}],"wp:attachment":[{"href":"https:\/\/amend.adv.br\/index.php\/wp-json\/wp\/v2\/media?parent=8"}],"curies":[{"name":"wp","href":"https:\/\/api.w.org\/{rel}","templated":true}]}}